{"id":2,"date":"2026-02-01T18:57:18","date_gmt":"2026-02-01T18:57:18","guid":{"rendered":"https:\/\/www.kalakoski.fi\/?page_id=2"},"modified":"2026-02-01T18:09:22","modified_gmt":"2026-02-01T18:09:22","slug":"sample-page","status":"publish","type":"page","link":"https:\/\/www.kalakoski.fi\/","title":{"rendered":"Ty\u00f6nohjaus"},"content":{"rendered":"\n<p>Ty\u00f6nohjauksessa p\u00e4\u00e4set tarkastelemaan ja j\u00e4sent\u00e4m\u00e4\u00e4n ty\u00f6h\u00f6n liittyvi\u00e4 kysymyksi\u00e4 yhdess\u00e4 keskustellen. Olen kokenut ty\u00f6n tutkija ja kehitt\u00e4j\u00e4, psykologi ja kognitiivisen ergonomian dosentti. Olen my\u00f6s opiskellut kahden vuoden ajan ty\u00f6nohjausta Suomen ty\u00f6nohjaajat ry:n (STOry) suositusten mukaisessa koulutuksessa.<\/p>\n\n\n\n<p>Ota yhteytt\u00e4 ty\u00f6nohjausasioissa:&nbsp;<a href=\"mailto:virpi@kalakoski.fi\" target=\"_blank\" rel=\"noreferrer noopener\">virpi@kalakoski.fi<\/a><\/p>\n\n\n\n<p>Lis\u00e4tietoa ty\u00f6nohjauksesta:&nbsp;<a href=\"https:\/\/www.suomentyonohjaajat.fi\/\" target=\"_blank\" rel=\"noreferrer noopener\">https:\/\/www.suomentyonohjaajat.fi\/<\/a><\/p>\n","protected":false},"excerpt":{"rendered":"<p>Ty\u00f6nohjauksessa p\u00e4\u00e4set tarkastelemaan ja j\u00e4sent\u00e4m\u00e4\u00e4n ty\u00f6h\u00f6n liittyvi\u00e4 kysymyksi\u00e4 yhdess\u00e4 keskustellen. Olen kokenut ty\u00f6n tutkija ja kehitt\u00e4j\u00e4, psykologi ja kognitiivisen ergonomian dosentti. Olen my\u00f6s opiskellut kahden vuoden ajan ty\u00f6nohjausta Suomen ty\u00f6nohjaajat ry:n (STOry) suositusten mukaisessa koulutuksessa. Ota yhteytt\u00e4 ty\u00f6nohjausasioissa:&nbsp;virpi@kalakoski.fi Lis\u00e4tietoa ty\u00f6nohjauksesta:&nbsp;https:\/\/www.suomentyonohjaajat.fi\/<\/p>\n","protected":false},"author":1,"featured_media":0,"parent":0,"menu_order":0,"comment_status":"closed","ping_status":"open","template":"","meta":{"footnotes":""},"class_list":["post-2","page","type-page","status-publish","hentry"],"_links":{"self":[{"href":"https:\/\/www.kalakoski.fi\/index.php\/wp-json\/wp\/v2\/pages\/2","targetHints":{"allow":["GET"]}}],"collection":[{"href":"https:\/\/www.kalakoski.fi\/index.php\/wp-json\/wp\/v2\/pages"}],"about":[{"href":"https:\/\/www.kalakoski.fi\/index.php\/wp-json\/wp\/v2\/types\/page"}],"author":[{"embeddable":true,"href":"https:\/\/www.kalakoski.fi\/index.php\/wp-json\/wp\/v2\/users\/1"}],"replies":[{"embeddable":true,"href":"https:\/\/www.kalakoski.fi\/index.php\/wp-json\/wp\/v2\/comments?post=2"}],"version-history":[{"count":3,"href":"https:\/\/www.kalakoski.fi\/index.php\/wp-json\/wp\/v2\/pages\/2\/revisions"}],"predecessor-version":[{"id":40,"href":"https:\/\/www.kalakoski.fi\/index.php\/wp-json\/wp\/v2\/pages\/2\/revisions\/40"}],"wp:attachment":[{"href":"https:\/\/www.kalakoski.fi\/index.php\/wp-json\/wp\/v2\/media?parent=2"}],"curies":[{"name":"wp","href":"https:\/\/api.w.org\/{rel}","templated":true}]}}