{"id":3,"date":"2026-02-01T18:57:18","date_gmt":"2026-02-01T18:57:18","guid":{"rendered":"https:\/\/www.kalakoski.fi\/?page_id=3"},"modified":"2026-02-01T19:39:20","modified_gmt":"2026-02-01T19:39:20","slug":"privacy-policy","status":"publish","type":"page","link":"https:\/\/www.kalakoski.fi\/index.php\/privacy-policy\/","title":{"rendered":"Tietosuojaseloste"},"content":{"rendered":"\n<h2 class=\"wp-block-heading\">Sijainti<\/h2>\n\n\n\n<p>Verkkosivun osoite: https:\/\/www.kalakoski.fi.<\/p>\n\n\n\n<h2 class=\"wp-block-heading\">Tietojen tallentaminen ja siirto<\/h2>\n\n\n\n<p>Lomakkeelle sy\u00f6tetyt tunnisteettomat tiedot tallentuvat webhotellin yll\u00e4pit\u00e4m\u00e4\u00e4n tietokantaan, jolla vain t\u00e4m\u00e4n sivuston yll\u00e4pit\u00e4j\u00e4ll\u00e4 (Virpi Kalakoski) on p\u00e4\u00e4sy.<\/p>\n\n\n\n<p>Tietoja ei jaeta muiden tahojen kanssa.<\/p>\n\n\n\n<h2 class=\"wp-block-heading\">Tietojen s\u00e4ilytt\u00e4minen<\/h2>\n\n\n\n<p>Lomakkeelle tallennettuja tietoja s\u00e4ilytet\u00e4\u00e4n vain asian k\u00e4sittelyn vaatiman ajan, kuitenkin korkeintaan 3 kuukautta.<\/p>\n\n\n\n<h2 class=\"wp-block-heading\">Analytiikka<\/h2>\n\n\n\n<p>Sivusto ei ker\u00e4\u00e4 analytiikkatietoja.<\/p>\n","protected":false},"excerpt":{"rendered":"<p>Sijainti Verkkosivun osoite: https:\/\/www.kalakoski.fi. Tietojen tallentaminen ja siirto Lomakkeelle sy\u00f6tetyt tunnisteettomat tiedot tallentuvat webhotellin yll\u00e4pit\u00e4m\u00e4\u00e4n tietokantaan, jolla vain t\u00e4m\u00e4n sivuston yll\u00e4pit\u00e4j\u00e4ll\u00e4 (Virpi Kalakoski) on p\u00e4\u00e4sy. Tietoja ei jaeta muiden tahojen kanssa. Tietojen s\u00e4ilytt\u00e4minen Lomakkeelle tallennettuja tietoja s\u00e4ilytet\u00e4\u00e4n vain asian k\u00e4sittelyn vaatiman ajan, kuitenkin korkeintaan 3 kuukautta. Analytiikka Sivusto ei ker\u00e4\u00e4 analytiikkatietoja.<\/p>\n","protected":false},"author":1,"featured_media":0,"parent":0,"menu_order":0,"comment_status":"closed","ping_status":"open","template":"","meta":{"footnotes":""},"class_list":["post-3","page","type-page","status-publish","hentry"],"_links":{"self":[{"href":"https:\/\/www.kalakoski.fi\/index.php\/wp-json\/wp\/v2\/pages\/3","targetHints":{"allow":["GET"]}}],"collection":[{"href":"https:\/\/www.kalakoski.fi\/index.php\/wp-json\/wp\/v2\/pages"}],"about":[{"href":"https:\/\/www.kalakoski.fi\/index.php\/wp-json\/wp\/v2\/types\/page"}],"author":[{"embeddable":true,"href":"https:\/\/www.kalakoski.fi\/index.php\/wp-json\/wp\/v2\/users\/1"}],"replies":[{"embeddable":true,"href":"https:\/\/www.kalakoski.fi\/index.php\/wp-json\/wp\/v2\/comments?post=3"}],"version-history":[{"count":9,"href":"https:\/\/www.kalakoski.fi\/index.php\/wp-json\/wp\/v2\/pages\/3\/revisions"}],"predecessor-version":[{"id":61,"href":"https:\/\/www.kalakoski.fi\/index.php\/wp-json\/wp\/v2\/pages\/3\/revisions\/61"}],"wp:attachment":[{"href":"https:\/\/www.kalakoski.fi\/index.php\/wp-json\/wp\/v2\/media?parent=3"}],"curies":[{"name":"wp","href":"https:\/\/api.w.org\/{rel}","templated":true}]}}